{"id":547,"date":"2022-05-08T16:01:00","date_gmt":"2022-05-08T14:01:00","guid":{"rendered":"https:\/\/petrakubaskova.cz\/?page_id=547"},"modified":"2025-11-01T10:37:29","modified_gmt":"2025-11-01T09:37:29","slug":"knihy","status":"publish","type":"page","link":"https:\/\/petrakubaskova.cz\/?page_id=547","title":{"rendered":"KNIHY"},"content":{"rendered":"\n<figure class=\"wp-block-image size-large\"><a href=\"https:\/\/www.epocha.cz\/kniha\/petra-kubaskova-carodejky-malostranske-prvni-vydani-vazana\/?gad_source=1&amp;gad_campaignid=20162982657&amp;gclid=Cj0KCQjw35bIBhDqARIsAGjd-cbZBmQuwhxuF8_lXGIor1uUbJeY3LQCsQYTYn8sV86U-EZ7rmLLPcgaAjaAEALw_wcB\" target=\"_blank\" rel=\" noreferrer noopener\"><img loading=\"lazy\" decoding=\"async\" width=\"700\" height=\"394\" src=\"https:\/\/petrakubaskova.cz\/wp-content\/uploads\/2025\/11\/Navrh-bez-nazvu_20251101_102625_0000-700x394.png\" alt=\"\" class=\"wp-image-3222\" srcset=\"https:\/\/petrakubaskova.cz\/wp-content\/uploads\/2025\/11\/Navrh-bez-nazvu_20251101_102625_0000-700x394.png 700w, https:\/\/petrakubaskova.cz\/wp-content\/uploads\/2025\/11\/Navrh-bez-nazvu_20251101_102625_0000-300x169.png 300w, https:\/\/petrakubaskova.cz\/wp-content\/uploads\/2025\/11\/Navrh-bez-nazvu_20251101_102625_0000-768x432.png 768w, https:\/\/petrakubaskova.cz\/wp-content\/uploads\/2025\/11\/Navrh-bez-nazvu_20251101_102625_0000-1140x641.png 1140w, https:\/\/petrakubaskova.cz\/wp-content\/uploads\/2025\/11\/Navrh-bez-nazvu_20251101_102625_0000.png 1366w\" sizes=\"auto, (max-width: 700px) 100vw, 700px\" \/><\/a><\/figure>\n\n\n\n<h2 class=\"wp-block-heading\"><mark style=\"background-color:#ffffff\" class=\"has-inline-color has-black-color\"><strong>\u010cAROD\u011aJKY MALOSTRANSK\u00c9<\/strong> <\/mark><\/h2>\n\n\n\n<p>Kliknut\u00edm na obr\u00e1zek se jako kouzlem p\u0159enese\u0161 na str\u00e1nky nakladatelstv\u00ed Epocha &#8211; a dobrodru\u017estv\u00ed m\u016f\u017ee za\u010d\u00edt.<\/p>\n\n\n\n<figure class=\"wp-block-image size-full\"><a href=\"https:\/\/www.epocha.cz\/kniha\/petra-kubaskova-carodejky-malostranske-prvni-vydani-vazana\/?gad_source=1&amp;gad_campaignid=20162982657&amp;gclid=Cj0KCQjw35bIBhDqARIsAGjd-cbZBmQuwhxuF8_lXGIor1uUbJeY3LQCsQYTYn8sV86U-EZ7rmLLPcgaAjaAEALw_wcB\" target=\"_blank\" rel=\" noreferrer noopener\"><img loading=\"lazy\" decoding=\"async\" width=\"544\" height=\"795\" src=\"https:\/\/petrakubaskova.cz\/wp-content\/uploads\/2025\/09\/obalka-Carodejky-malostranske.jpg\" alt=\"\" class=\"wp-image-3111\" srcset=\"https:\/\/petrakubaskova.cz\/wp-content\/uploads\/2025\/09\/obalka-Carodejky-malostranske.jpg 544w, https:\/\/petrakubaskova.cz\/wp-content\/uploads\/2025\/09\/obalka-Carodejky-malostranske-205x300.jpg 205w\" sizes=\"auto, (max-width: 544px) 100vw, 544px\" \/><\/a><\/figure>\n\n\n\n<p>Na Mal\u00e9 Stran\u011b se v\u017edycky d\u011bly zvl\u00e1\u0161tn\u00ed v\u011bci. Tu na v\u00e1s mrkne chrli\u010d, tam na v\u00e1s promluv\u00ed domovn\u00ed znamen\u00ed, ob\u010das v\u00e1m zam\u00e1v\u00e1 n\u011bjak\u00fd duch nebo stra\u0161idlo. Jedna mlad\u00e1 sle\u010dna z Nerudovky m\u00e1 starosti. Z ulice, kudy chod\u00ed ka\u017ed\u00fd den do \u0161koly, zmiz\u00ed duchov\u00e9, doma v krbu najde ztuhlou kamar\u00e1dku meluz\u00ednu a pra\u017esk\u00e1 domovn\u00ed znamen\u00ed se strachy schov\u00e1vaj\u00ed. Mocn\u00e1 kouzla najednou nefunguj\u00ed a na jednu mladou malostranskou \u010darod\u011bjku je toho trochu moc. <\/p>\n\n\n\n<p>V\u00edtejte v dobrodru\u017en\u00e9m sv\u011bt\u011b malostransk\u00fdch \u010darod\u011bjek, kter\u00e9 si dok\u00e1\u017eou poradit i v t\u011bch nejslo\u017eit\u011bj\u0161\u00edch situac\u00edch.&nbsp;<\/p>\n\n\n\n<p><\/p>\n\n\n\n<h2 class=\"wp-block-heading\"><mark style=\"background-color:#ffffff\" class=\"has-inline-color has-black-color\"><strong>TAJEMSTV\u00cd ST\u0158\u00cdBRN\u00c9 \u010cAROD\u011aJKY<\/strong> <\/mark><\/h2>\n\n\n\n<figure class=\"wp-block-image size-full\"><a href=\"https:\/\/www.epocha.cz\/kniha\/petra-kubaskova-tajemstvi-stribrne-carodejky-prvni-vydani-vazana\/\" target=\"_blank\" rel=\" noreferrer noopener\"><img loading=\"lazy\" decoding=\"async\" width=\"544\" height=\"767\" src=\"https:\/\/petrakubaskova.cz\/wp-content\/uploads\/2025\/09\/obalka-Tajemstvi-Stribrne-carodejky.jpg\" alt=\"\" class=\"wp-image-3110\" srcset=\"https:\/\/petrakubaskova.cz\/wp-content\/uploads\/2025\/09\/obalka-Tajemstvi-Stribrne-carodejky.jpg 544w, https:\/\/petrakubaskova.cz\/wp-content\/uploads\/2025\/09\/obalka-Tajemstvi-Stribrne-carodejky-213x300.jpg 213w\" sizes=\"auto, (max-width: 544px) 100vw, 544px\" \/><\/a><\/figure>\n\n\n\n<p>V druh\u00e9m d\u00edle malostransk\u00e9 trilogie mus\u00ed mlad\u00e1 \u010darod\u011bjka Ginevra uh\u00e1jit pr\u00e1vo sv\u00e9 rodiny z\u016fstat na Mal\u00e9 Stran\u011b. Kdo je St\u0159\u00edbrn\u00e1 \u010darod\u011bjka ze star\u00e9 v\u011b\u0161tby? Najde Gina mocn\u00fd st\u0159\u00edbrn\u00fd artefakt, kter\u00fd spout\u00e1 had\u00ed moc? Mus\u00ed se kv\u016fli tomu vypravit na dobrodru\u017enou pou\u0165 \u010dasem a\u017e do St\u0159\u00edbrn\u00e9ho m\u011bsta. Potk\u00e1 p\u0159itom o\u017eivl\u00e9 loutky, \u010dasohybky a star\u00e9ho je\u0161t\u011bra, a p\u0159edev\u0161\u00edm pozn\u00e1 s\u00edlu p\u0159\u00e1telstv\u00ed. <\/p>\n\n\n\n<p><\/p>\n\n\n\n<h2 class=\"wp-block-heading\"><mark style=\"background-color:#ffffff\" class=\"has-inline-color has-black-color\"><strong>\u010cAROD\u011aJKA A ZLAT\u00dd ELIX\u00cdR  <\/strong><\/mark><\/h2>\n\n\n\n<figure class=\"wp-block-image size-full\"><a href=\"https:\/\/www.epocha.cz\/kniha\/petra-kubaskova-carodejka-a-zlaty-elixir-prvni-vydani-vazana\/\" target=\"_blank\" rel=\" noreferrer noopener\"><img loading=\"lazy\" decoding=\"async\" width=\"544\" height=\"767\" src=\"https:\/\/petrakubaskova.cz\/wp-content\/uploads\/2025\/09\/obalka-Carodejka-a-zlaty-elixir.jpg\" alt=\"\" class=\"wp-image-3108\" srcset=\"https:\/\/petrakubaskova.cz\/wp-content\/uploads\/2025\/09\/obalka-Carodejka-a-zlaty-elixir.jpg 544w, https:\/\/petrakubaskova.cz\/wp-content\/uploads\/2025\/09\/obalka-Carodejka-a-zlaty-elixir-213x300.jpg 213w\" sizes=\"auto, (max-width: 544px) 100vw, 544px\" \/><\/a><\/figure>\n\n\n\n<p>Posledn\u00ed d\u00edl trilogie o rodu \u010darod\u011bjek z Mal\u00e9 Strany. <\/p>\n\n\n\n<p>Mlad\u00e1 \u010darod\u011bjka Ginevra se vyd\u00e1v\u00e1 na posledn\u00ed dobrodru\u017enou v\u00fdpravu. Pr\u016fvodcem je j\u00ed tentokr\u00e1t ml\u010denliv\u00fd alchymista. P\u0159i hled\u00e1n\u00ed pravd skryt\u00fdch v z\u00e1zra\u010dn\u00e9m elix\u00edru se vyprav\u00ed hledat tajemn\u00fd mizej\u00edc\u00ed d\u016fm do Zlat\u00e9 uli\u010dky, propl\u00ed\u017e\u00ed se do tajupln\u00e9 zahrady a potk\u00e1 p\u0159i tom nejednu podivnou bytost. Obstoj\u00ed v nejt\u011b\u017e\u0161\u00ed zkou\u0161ce, nebo m\u011bli pravdu ti, kdo tvrdili hned od za\u010d\u00e1tku, \u017ee jej\u00ed jinakost ji p\u0159ivede do pekel?<\/p>\n\n\n\n<p><\/p>\n\n\n\n<h2 class=\"wp-block-heading\"><strong>OCELOV\u00c1 K\u0158\u00cdDLA MOT\u00ddLA<\/strong><\/h2>\n\n\n\n<p><strong>K\u0159ehk\u00e9 du\u0161e v tvrd\u00fdch slupk\u00e1ch&#8230; p\u0159\u00edb\u011bh o hled\u00e1n\u00ed, douf\u00e1n\u00ed a nad\u011bji.<\/strong><\/p>\n\n\n\n<figure class=\"wp-block-image size-full\"><a href=\"https:\/\/www.conqueer.cz\/ocelova-kridla-motyla\/\" target=\"_blank\" rel=\" noreferrer noopener\"><img loading=\"lazy\" decoding=\"async\" width=\"563\" height=\"563\" src=\"https:\/\/petrakubaskova.cz\/wp-content\/uploads\/2025\/09\/ocelova_kridla_motyla.jpg\" alt=\"\" class=\"wp-image-3107\" srcset=\"https:\/\/petrakubaskova.cz\/wp-content\/uploads\/2025\/09\/ocelova_kridla_motyla.jpg 563w, https:\/\/petrakubaskova.cz\/wp-content\/uploads\/2025\/09\/ocelova_kridla_motyla-300x300.jpg 300w, https:\/\/petrakubaskova.cz\/wp-content\/uploads\/2025\/09\/ocelova_kridla_motyla-150x150.jpg 150w\" sizes=\"auto, (max-width: 563px) 100vw, 563px\" \/><\/a><\/figure>\n\n\n\n<p>Mlad\u00fd dramatik Kry\u0161tof napsal divadeln\u00ed hru o pilotovi, kter\u00fd dal sv\u011btu&nbsp;<em>Mal\u00e9ho prince<\/em>. Tohle m\u011bl b\u00fdt jeho velk\u00fd den, jen\u017ee kdy\u017e sv\u011btla zhasnou a opona se rozestoup\u00ed, Kry\u0161tof pozn\u00e1, jak\u00e9 to je sed\u011bt \u00fapln\u011b s\u00e1m v divadle pln\u00e9m lid\u00ed\u2026 Proto\u017ee \u0160imon u\u017e vedle n\u011bj nesed\u00ed. Novin\u00e1\u0159ka Kaira tr\u00e1v\u00ed osam\u011bl\u00e9 ve\u010dery se sv\u00fdm legu\u00e1nem. Hled\u00e1 sp\u0159\u00edzn\u011bnou du\u0161i, jen\u017ee jak ji m\u00e1 naj\u00edt, kdy\u017e cesta k n\u00ed vede p\u0159es jej\u00ed t\u0159in\u00e1ctou komnatu, kterou u\u017e rad\u011bji neotv\u00edr\u00e1? P\u0159ekladatel Jan pro\u017eil v\u011bt\u0161inu \u017eivota za psac\u00edm strojem, nad francouzsk\u00fdmi rom\u00e1ny. A jeho&nbsp;nemluvn\u00e1 sestra Eva, t\u011b\u017eko pochopiteln\u00e1 du\u0161e, m\u00e1 spo\u010d\u00edtan\u00e9 v\u0161echny trpasl\u00edky na jejich zahrad\u011b.&nbsp;P\u0159esu\u0148te t\u0159eba jen jednoho; Eva to na prvn\u00ed pohled pozn\u00e1. Kolik podob m\u00e1 lidsk\u00e1 osam\u011blost, a kdy p\u0159ijde Pavouk?<\/p>\n\n\n\n<h2 class=\"wp-block-heading\"><strong><mark style=\"background-color:#ffffff\" class=\"has-inline-color has-black-color\">S\u00cd\u0164 SN\u016e<\/mark><\/strong><\/h2>\n\n\n\n<figure class=\"wp-block-image size-large is-resized\"><a href=\"https:\/\/www.fantomprint.cz\/sit-snu\/\" target=\"_blank\" rel=\" noreferrer noopener\"><img loading=\"lazy\" decoding=\"async\" width=\"700\" height=\"1136\" src=\"https:\/\/petrakubaskova.cz\/wp-content\/uploads\/2025\/09\/3D-sit-snu-color-V2-kopie-700x1136.jpg\" alt=\"\" class=\"wp-image-3179\" style=\"width:320px;height:auto\" srcset=\"https:\/\/petrakubaskova.cz\/wp-content\/uploads\/2025\/09\/3D-sit-snu-color-V2-kopie-700x1136.jpg 700w, https:\/\/petrakubaskova.cz\/wp-content\/uploads\/2025\/09\/3D-sit-snu-color-V2-kopie-185x300.jpg 185w, https:\/\/petrakubaskova.cz\/wp-content\/uploads\/2025\/09\/3D-sit-snu-color-V2-kopie-768x1247.jpg 768w, https:\/\/petrakubaskova.cz\/wp-content\/uploads\/2025\/09\/3D-sit-snu-color-V2-kopie-946x1536.jpg 946w, https:\/\/petrakubaskova.cz\/wp-content\/uploads\/2025\/09\/3D-sit-snu-color-V2-kopie-1140x1851.jpg 1140w, https:\/\/petrakubaskova.cz\/wp-content\/uploads\/2025\/09\/3D-sit-snu-color-V2-kopie.jpg 1211w\" sizes=\"auto, (max-width: 700px) 100vw, 700px\" \/><\/a><\/figure>\n\n\n\n<p>Monika, p\u011btadvacetilet\u00e1 ilustr\u00e1torka na voln\u00e9 noze a tak\u00e9 tak trochu kart\u00e1\u0159ka, si od n\u00e1v\u0161t\u011bvy muzea slibovala v\u00edcem\u00e9n\u011b rutinu. S \u010d\u00edm ur\u010dit\u011b nepo\u010d\u00edtala, byla tajemn\u00e1 \u017eena, kter\u00e1 se ji sna\u017e\u00ed varovat p\u0159ed smrt\u00edc\u00edm zlem, av\u0161ak vol\u00ed k tomu zp\u016fsob, kter\u00fd Moniku doslova p\u0159iprav\u00ed o sp\u00e1nek. Nav\u00edc m\u00e1 zachr\u00e1nit n\u011bkoho, jeho\u017e jm\u00e9no do t\u00e9 doby ani nesly\u0161ela.<\/p>\n\n\n\n<p>Po nitk\u00e1ch se za\u010d\u00edn\u00e1 rozpl\u00e9tat prastar\u00fd p\u0159\u00edb\u011bh o l\u00e1sce a nen\u00e1visti, oddanosti a marn\u00e9 ob\u011bti. Nyn\u00ed m\u00e1 zem\u0159\u00edt n\u011bkdo dal\u0161\u00ed \u2013 nebo u\u017e se tak stalo? Moni\u010din \u017eivot se za\u010d\u00edn\u00e1 pomalu a nebezpe\u010dn\u011b zap\u0159\u00e1dat do klubka tajemn\u00fdch ud\u00e1lost\u00ed a osud j\u00ed nav\u00edc postav\u00ed do cesty mu\u017ee, kter\u00fd j\u00ed m\u016f\u017ee ze v\u0161eho pomoci ven, nebo ji st\u00e1hnout mnohem hloub\u011bji.<\/p>\n\n\n\n<p>P\u0159\u00edb\u011bh dvou \u017een, kter\u00e9 um\u011bly mluvit se zem\u00ed, uv\u00edzne v z\u00e1ke\u0159n\u00e9 s\u00edti sn\u016f a prad\u00e1vn\u00e9 zlo mezit\u00edm s\u00edl\u00ed a vy\u010dk\u00e1v\u00e1; sta\u010d\u00ed jedin\u00e1 nespr\u00e1vn\u00e1 my\u0161lenka v tu nejm\u00e9n\u011b vhodnou chv\u00edli a v\u00e1\u0161 \u017eivot se ocitne naruby.<\/p>\n","protected":false},"excerpt":{"rendered":"<p>\u010cAROD\u011aJKY MALOSTRANSK\u00c9 Kliknut\u00edm na obr\u00e1zek se jako kouzlem p\u0159enese\u0161 na str\u00e1nky nakladatelstv\u00ed Epocha &#8211; a dobrodru\u017estv\u00ed m\u016f\u017ee za\u010d\u00edt. Na Mal\u00e9 Stran\u011b se v\u017edycky d\u011bly zvl\u00e1\u0161tn\u00ed v\u011bci. Tu na v\u00e1s mrkne chrli\u010d, tam na v\u00e1s promluv\u00ed domovn\u00ed znamen\u00ed, ob\u010das v\u00e1m zam\u00e1v\u00e1 n\u011bjak\u00fd duch nebo stra\u0161idlo. Jedna mlad\u00e1 sle\u010dna z Nerudovky m\u00e1 starosti. Z ulice, kudy chod\u00ed ka\u017ed\u00fd den do \u0161koly, zmiz\u00ed duchov\u00e9, doma v krbu najde ztuhlou kamar\u00e1dku meluz\u00ednu a pra\u017esk\u00e1 domovn\u00ed znamen\u00ed se strachy schov\u00e1vaj\u00ed. Mocn\u00e1 kouzla najednou nefunguj\u00ed a na jednu mladou malostranskou \u010darod\u011bjku je toho trochu moc. V\u00edtejte v dobrodru\u017en\u00e9m sv\u011bt\u011b malostransk\u00fdch \u010darod\u011bjek, kter\u00e9 si dok\u00e1\u017eou poradit i v t\u011bch nejslo\u017eit\u011bj\u0161\u00edch situac\u00edch.&nbsp; TAJEMSTV\u00cd ST\u0158\u00cdBRN\u00c9 \u010cAROD\u011aJKY V druh\u00e9m d\u00edle malostransk\u00e9 trilogie mus\u00ed mlad\u00e1 \u010darod\u011bjka Ginevra uh\u00e1jit pr\u00e1vo sv\u00e9 rodiny z\u016fstat na Mal\u00e9 Stran\u011b. Kdo je St\u0159\u00edbrn\u00e1 \u010darod\u011bjka ze star\u00e9 v\u011b\u0161tby? Najde Gina mocn\u00fd st\u0159\u00edbrn\u00fd artefakt, kter\u00fd spout\u00e1 had\u00ed moc? Mus\u00ed se kv\u016fli tomu vypravit na dobrodru\u017enou pou\u0165 \u010dasem a\u017e do St\u0159\u00edbrn\u00e9ho m\u011bsta. Potk\u00e1 p\u0159itom o\u017eivl\u00e9 loutky, \u010dasohybky a star\u00e9ho je\u0161t\u011bra, a p\u0159edev\u0161\u00edm pozn\u00e1 s\u00edlu p\u0159\u00e1telstv\u00ed. \u010cAROD\u011aJKA A ZLAT\u00dd ELIX\u00cdR Posledn\u00ed d\u00edl trilogie o rodu \u010darod\u011bjek z Mal\u00e9 Strany. Mlad\u00e1 \u010darod\u011bjka Ginevra se vyd\u00e1v\u00e1 na posledn\u00ed dobrodru\u017enou v\u00fdpravu. Pr\u016fvodcem je j\u00ed tentokr\u00e1t ml\u010denliv\u00fd alchymista. P\u0159i hled\u00e1n\u00ed pravd skryt\u00fdch v z\u00e1zra\u010dn\u00e9m elix\u00edru se vyprav\u00ed hledat tajemn\u00fd mizej\u00edc\u00ed d\u016fm do Zlat\u00e9 uli\u010dky, propl\u00ed\u017e\u00ed se do tajupln\u00e9 zahrady a potk\u00e1 p\u0159i tom nejednu podivnou bytost. Obstoj\u00ed v nejt\u011b\u017e\u0161\u00ed zkou\u0161ce, nebo m\u011bli pravdu ti, kdo tvrdili hned od za\u010d\u00e1tku, \u017ee jej\u00ed jinakost ji p\u0159ivede do pekel? OCELOV\u00c1 K\u0158\u00cdDLA MOT\u00ddLA K\u0159ehk\u00e9 du\u0161e v tvrd\u00fdch slupk\u00e1ch&#8230; p\u0159\u00edb\u011bh o hled\u00e1n\u00ed, douf\u00e1n\u00ed a nad\u011bji. Mlad\u00fd dramatik Kry\u0161tof napsal divadeln\u00ed hru o pilotovi, kter\u00fd dal sv\u011btu&nbsp;Mal\u00e9ho prince. Tohle m\u011bl b\u00fdt jeho velk\u00fd den, jen\u017ee kdy\u017e sv\u011btla zhasnou a opona se rozestoup\u00ed, Kry\u0161tof pozn\u00e1, jak\u00e9 to je sed\u011bt \u00fapln\u011b s\u00e1m v divadle pln\u00e9m lid\u00ed\u2026 Proto\u017ee \u0160imon u\u017e vedle n\u011bj nesed\u00ed. Novin\u00e1\u0159ka Kaira tr\u00e1v\u00ed osam\u011bl\u00e9 ve\u010dery se sv\u00fdm legu\u00e1nem. Hled\u00e1 sp\u0159\u00edzn\u011bnou du\u0161i, jen\u017ee jak ji m\u00e1 naj\u00edt, kdy\u017e cesta k n\u00ed vede p\u0159es jej\u00ed t\u0159in\u00e1ctou komnatu, kterou u\u017e rad\u011bji neotv\u00edr\u00e1? P\u0159ekladatel Jan pro\u017eil v\u011bt\u0161inu \u017eivota za psac\u00edm strojem, nad francouzsk\u00fdmi rom\u00e1ny. A jeho&nbsp;nemluvn\u00e1 sestra Eva, t\u011b\u017eko pochopiteln\u00e1 du\u0161e, m\u00e1 spo\u010d\u00edtan\u00e9 v\u0161echny trpasl\u00edky na jejich zahrad\u011b.&nbsp;P\u0159esu\u0148te t\u0159eba jen jednoho; Eva to na prvn\u00ed pohled pozn\u00e1. Kolik podob m\u00e1 lidsk\u00e1 osam\u011blost, a kdy p\u0159ijde Pavouk? S\u00cd\u0164 SN\u016e Monika, p\u011btadvacetilet\u00e1 ilustr\u00e1torka na voln\u00e9 noze a tak\u00e9 tak trochu kart\u00e1\u0159ka, si od n\u00e1v\u0161t\u011bvy muzea slibovala v\u00edcem\u00e9n\u011b rutinu. S \u010d\u00edm ur\u010dit\u011b nepo\u010d\u00edtala, byla tajemn\u00e1 \u017eena, kter\u00e1 se ji sna\u017e\u00ed varovat p\u0159ed smrt\u00edc\u00edm zlem, av\u0161ak vol\u00ed k tomu zp\u016fsob, kter\u00fd Moniku doslova p\u0159iprav\u00ed o sp\u00e1nek. Nav\u00edc m\u00e1 zachr\u00e1nit n\u011bkoho, jeho\u017e jm\u00e9no do t\u00e9 doby ani nesly\u0161ela. Po nitk\u00e1ch se za\u010d\u00edn\u00e1 rozpl\u00e9tat prastar\u00fd p\u0159\u00edb\u011bh o l\u00e1sce a nen\u00e1visti, oddanosti a marn\u00e9 ob\u011bti. Nyn\u00ed m\u00e1 zem\u0159\u00edt n\u011bkdo dal\u0161\u00ed \u2013 nebo u\u017e se tak stalo? Moni\u010din \u017eivot se za\u010d\u00edn\u00e1 pomalu a nebezpe\u010dn\u011b zap\u0159\u00e1dat do klubka tajemn\u00fdch ud\u00e1lost\u00ed a osud j\u00ed nav\u00edc postav\u00ed do cesty mu\u017ee, kter\u00fd j\u00ed m\u016f\u017ee ze v\u0161eho pomoci ven, nebo ji st\u00e1hnout mnohem hloub\u011bji. P\u0159\u00edb\u011bh dvou \u017een, kter\u00e9 um\u011bly mluvit se zem\u00ed, uv\u00edzne v z\u00e1ke\u0159n\u00e9 s\u00edti sn\u016f a prad\u00e1vn\u00e9 zlo mezit\u00edm s\u00edl\u00ed a vy\u010dk\u00e1v\u00e1; sta\u010d\u00ed jedin\u00e1 nespr\u00e1vn\u00e1 my\u0161lenka v tu nejm\u00e9n\u011b vhodnou chv\u00edli a v\u00e1\u0161 \u017eivot se ocitne naruby.<\/p>\n","protected":false},"author":1,"featured_media":0,"parent":0,"menu_order":0,"comment_status":"closed","ping_status":"closed","template":"","meta":{"footnotes":""},"class_list":["post-547","page","type-page","status-publish","hentry"],"_links":{"self":[{"href":"https:\/\/petrakubaskova.cz\/index.php?rest_route=\/wp\/v2\/pages\/547","targetHints":{"allow":["GET"]}}],"collection":[{"href":"https:\/\/petrakubaskova.cz\/index.php?rest_route=\/wp\/v2\/pages"}],"about":[{"href":"https:\/\/petrakubaskova.cz\/index.php?rest_route=\/wp\/v2\/types\/page"}],"author":[{"embeddable":true,"href":"https:\/\/petrakubaskova.cz\/index.php?rest_route=\/wp\/v2\/users\/1"}],"replies":[{"embeddable":true,"href":"https:\/\/petrakubaskova.cz\/index.php?rest_route=%2Fwp%2Fv2%2Fcomments&post=547"}],"version-history":[{"count":53,"href":"https:\/\/petrakubaskova.cz\/index.php?rest_route=\/wp\/v2\/pages\/547\/revisions"}],"predecessor-version":[{"id":3225,"href":"https:\/\/petrakubaskova.cz\/index.php?rest_route=\/wp\/v2\/pages\/547\/revisions\/3225"}],"wp:attachment":[{"href":"https:\/\/petrakubaskova.cz\/index.php?rest_route=%2Fwp%2Fv2%2Fmedia&parent=547"}],"curies":[{"name":"wp","href":"https:\/\/api.w.org\/{rel}","templated":true}]}}